{"id":1310,"date":"2018-04-27T05:49:42","date_gmt":"2018-04-27T05:49:42","guid":{"rendered":"https:\/\/oice.org\/?page_id=1310"},"modified":"2020-08-03T04:21:39","modified_gmt":"2020-08-03T04:21:39","slug":"formacion-y-tecnologia","status":"publish","type":"page","link":"https:\/\/oice.org\/?page_id=1310","title":{"rendered":"Formaci\u00f3n y  Tecnolog\u00eda"},"content":{"rendered":"<p>\u00abFormaci\u00f3n y Tecnolog\u00eda\u00bb<\/p>\n<p style=\"text-align: center;\">La \u00abOrganizaci\u00f3n Interamericana de Ciencias Econ\u00f3micas OICE es una entidad profesional sin fines de lucro, que fue constitu\u00edda con el fin de proporcionar a los profesionales del campo econ\u00f3mico-financiero con responsabilidades de direcci\u00f3n, un cauce para facilitar su participaci\u00f3n activa mediante reuniones de trabajo sobre temas de actualidad de inter\u00e9s com\u00fan, y para el intercambio de experiencias que proporcione el desarrollo t\u00e9cnico y humano y la intercomunicaci\u00f3n nacional e internacional con profesionales de su misma especialidad.<\/p>\n<p>Capacitaciones presenciales<\/p>\n<p>Gesti\u00f3n efectiva de cr\u00e9dito y cartera<\/p>\n<p>\u00abCurso de Dise\u00f1o de Programas Formativos e-Learning &amp; b-Learning\u00bb<\/p>\n<p>Este Curso es sin\u00f3nimo de capacitaci\u00f3n y reciclaje para este tipo de profesional, enmarc\u00e1ndose dentro del contexto de las repercusiones que las Nuevas Tecnolog\u00edas tienen en el campo de la ense\u00f1anza y, en concreto, en la importancia que la edici\u00f3n de un material did\u00e1ctico de calidad y el dise\u00f1o de actividades did\u00e1cticas innovadoras tiene siempre en el proceso ense\u00f1anza-aprendizaje.<\/p>\n<p>Capacitaciones presenciales<\/p>\n<p>Gesti\u00f3n efectiva de cr\u00e9dito y cartera<\/p>\n<p>\u00abCurso de Formador de Formadores on line\u00bb<\/p>\n<p>En este curso se busca capacitar al alumno con los conocimientos necesarios para el dise\u00f1o instruccional y la tutorizaci\u00f3n on line de los programas formativos que se impartan en las modalidades de e-leaning y b-learning, respectivamente.<\/p>\n","protected":false},"excerpt":{"rendered":"<p>\u00abFormaci\u00f3n y Tecnolog\u00eda\u00bb La \u00abOrganizaci\u00f3n Interamericana de Ciencias Econ\u00f3micas OICE es una entidad profesional sin fines de lucro, que fue constitu\u00edda con el fin de proporcionar a los profesionales del campo econ\u00f3mico-financiero con responsabilidades de direcci\u00f3n, un cauce para facilitar su participaci\u00f3n activa mediante reuniones de trabajo sobre temas de actualidad de inter\u00e9s com\u00fan, y&#8230;.<\/p>\n","protected":false},"author":1,"featured_media":0,"parent":0,"menu_order":0,"comment_status":"closed","ping_status":"closed","template":"","meta":{"footnotes":""},"categories":[10],"tags":[],"class_list":["post-1310","page","type-page","status-publish","hentry","category-virtuales"],"_links":{"self":[{"href":"https:\/\/oice.org\/index.php?rest_route=\/wp\/v2\/pages\/1310","targetHints":{"allow":["GET"]}}],"collection":[{"href":"https:\/\/oice.org\/index.php?rest_route=\/wp\/v2\/pages"}],"about":[{"href":"https:\/\/oice.org\/index.php?rest_route=\/wp\/v2\/types\/page"}],"author":[{"embeddable":true,"href":"https:\/\/oice.org\/index.php?rest_route=\/wp\/v2\/users\/1"}],"replies":[{"embeddable":true,"href":"https:\/\/oice.org\/index.php?rest_route=%2Fwp%2Fv2%2Fcomments&post=1310"}],"version-history":[{"count":1,"href":"https:\/\/oice.org\/index.php?rest_route=\/wp\/v2\/pages\/1310\/revisions"}],"predecessor-version":[{"id":2028,"href":"https:\/\/oice.org\/index.php?rest_route=\/wp\/v2\/pages\/1310\/revisions\/2028"}],"wp:attachment":[{"href":"https:\/\/oice.org\/index.php?rest_route=%2Fwp%2Fv2%2Fmedia&parent=1310"}],"wp:term":[{"taxonomy":"category","embeddable":true,"href":"https:\/\/oice.org\/index.php?rest_route=%2Fwp%2Fv2%2Fcategories&post=1310"},{"taxonomy":"post_tag","embeddable":true,"href":"https:\/\/oice.org\/index.php?rest_route=%2Fwp%2Fv2%2Ftags&post=1310"}],"curies":[{"name":"wp","href":"https:\/\/api.w.org\/{rel}","templated":true}]}}