{"id":1318,"date":"2018-04-27T06:13:41","date_gmt":"2018-04-27T06:13:41","guid":{"rendered":"https:\/\/oice.org\/?page_id=1318"},"modified":"2020-08-03T04:32:06","modified_gmt":"2020-08-03T04:32:06","slug":"marketing-y-ventas","status":"publish","type":"page","link":"https:\/\/oice.org\/?page_id=1318","title":{"rendered":"Marketing y Ventas"},"content":{"rendered":"<p>\u00abMarketing y Ventas\u00bb<\/p>\n<p style=\"text-align: center;\">La \u00abOrganizaci\u00f3n Interamericana de Ciencias Econ\u00f3micas OICE es una entidad profesional sin fines de lucro, que fue constitu\u00edda con el fin de proporcionar a los profesionales del campo econ\u00f3mico-financiero con responsabilidades de direcci\u00f3n, un cauce para facilitar su participaci\u00f3n activa mediante reuniones de trabajo sobre temas de actualidad de inter\u00e9s com\u00fan, y para el intercambio de experiencias que proporcione el desarrollo t\u00e9cnico y humano y la intercomunicaci\u00f3n nacional e internacional con profesionales de su misma especialidad.<\/p>\n<p>Capacitaciones presenciales<\/p>\n<p>Gesti\u00f3n efectiva de cr\u00e9dito y cartera<\/p>\n<p>\u00abCurso Monogr\u00e1fico de Gesti\u00f3n de Redes Sociales en la Empresa\u00bb<\/p>\n<p>Este curso busca definir e implementar estrategias de comunicaci\u00f3n a trav\u00e9s de las Redes Sociales como recurso de Marketing.<\/p>\n<p>Capacitaciones presenciales<\/p>\n<p>Gesti\u00f3n efectiva de cr\u00e9dito y cartera<\/p>\n<p>\u00abCurso Monogr\u00e1fico sobre Derecho de Internet\u00bb<\/p>\n<p>Marketing y Ventas Curso Monogr\u00e1fico sobre derecho de Internet<\/p>\n<p>Este curso es realizar un an\u00e1lisis general e introductorio, desde una perspectiva jur\u00eddica, sobre las principales materias afectadas por el uso de internet y la posici\u00f3n que ocupan los ciudadanos, empresas, prestadores y dem\u00e1s sujetos, con especial referencia a las redes sociales<\/p>\n<p>Capacitaciones presenciales<\/p>\n<p>Gesti\u00f3n efectiva de cr\u00e9dito y cartera<\/p>\n<p>\u00abCurso Monogr\u00e1fico sobre e-Marketing (nuevas estrategias de promoci\u00f3n on line)\u00bb<\/p>\n<p>Este curso busca definir e implementar estrategias de comunicaci\u00f3n a trav\u00e9s de <strong>Internet como recurso de Marketing<\/strong>.<\/p>\n<p>Capacitaciones presenciales<\/p>\n<p>Gesti\u00f3n efectiva de cr\u00e9dito y cartera<\/p>\n<p>\u00abCurso Monogr\u00e1fico sobre Gesti\u00f3n de Compras\u00bb<\/p>\n<p>Contabilidad y Finanzas<\/p>\n<p>Curso Monogr\u00e1fico sobre Gesti\u00f3n\u00a0 de Compras<\/p>\n<p>Curso que pretende dar herramientas para mejorar los procesos de compras y de toda la funci\u00f3n de compras en su conjunto, como nuevo eje estrat\u00e9gico del desarrollo.<\/p>\n<p>Capacitaciones presenciales<\/p>\n<p>Gesti\u00f3n efectiva de cr\u00e9dito y cartera<\/p>\n<p>\u00abCurso Monogr\u00e1fico sobre Marca Personal &#8211; ConstruyeTuMarca\u00bb<\/p>\n<p>Marketing y Ventas<\/p>\n<p>Curso monogr\u00e1fico sobre marca personal construye tu marca<\/p>\n<p>Este curso se centra en que el alumno aprenda el funcionamiento de este tipo de medios y de herramientas para poder utilizarlos en su carrera profesional.<\/p>\n<p>Capacitaciones presenciales<\/p>\n<p>Gesti\u00f3n efectiva de cr\u00e9dito y cartera<\/p>\n<p>\u00abCurso Superior de Especialista en Marketing\u00bb<\/p>\n<p>Marketing y Ventas<\/p>\n<p>Curso Superior de especialista en\u00a0marketing<\/p>\n<p>Este curso se centra en aquellos profesionales del marketing que sean capaces de adaptar las estrategias a los distintos tipos de p\u00fablico, que no le teman a las nuevas tecnolog\u00edas que ha tra\u00eddo internet y, sobre todo, que tengan muy clara la necesidad de comunicarse con los p\u00fablicos a trav\u00e9s de distintos canales y con diferentes mensajes adaptados, y pr\u00e1cticamente personalizados, para cada ocasi\u00f3n.<\/p>\n","protected":false},"excerpt":{"rendered":"<p>\u00abMarketing y Ventas\u00bb La \u00abOrganizaci\u00f3n Interamericana de Ciencias Econ\u00f3micas OICE es una entidad profesional sin fines de lucro, que fue constitu\u00edda con el fin de proporcionar a los profesionales del campo econ\u00f3mico-financiero con responsabilidades de direcci\u00f3n, un cauce para facilitar su participaci\u00f3n activa mediante reuniones de trabajo sobre temas de actualidad de inter\u00e9s com\u00fan, y&#8230;.<\/p>\n","protected":false},"author":1,"featured_media":0,"parent":0,"menu_order":0,"comment_status":"closed","ping_status":"closed","template":"","meta":{"footnotes":""},"categories":[10],"tags":[],"class_list":["post-1318","page","type-page","status-publish","hentry","category-virtuales"],"_links":{"self":[{"href":"https:\/\/oice.org\/index.php?rest_route=\/wp\/v2\/pages\/1318","targetHints":{"allow":["GET"]}}],"collection":[{"href":"https:\/\/oice.org\/index.php?rest_route=\/wp\/v2\/pages"}],"about":[{"href":"https:\/\/oice.org\/index.php?rest_route=\/wp\/v2\/types\/page"}],"author":[{"embeddable":true,"href":"https:\/\/oice.org\/index.php?rest_route=\/wp\/v2\/users\/1"}],"replies":[{"embeddable":true,"href":"https:\/\/oice.org\/index.php?rest_route=%2Fwp%2Fv2%2Fcomments&post=1318"}],"version-history":[{"count":1,"href":"https:\/\/oice.org\/index.php?rest_route=\/wp\/v2\/pages\/1318\/revisions"}],"predecessor-version":[{"id":2029,"href":"https:\/\/oice.org\/index.php?rest_route=\/wp\/v2\/pages\/1318\/revisions\/2029"}],"wp:attachment":[{"href":"https:\/\/oice.org\/index.php?rest_route=%2Fwp%2Fv2%2Fmedia&parent=1318"}],"wp:term":[{"taxonomy":"category","embeddable":true,"href":"https:\/\/oice.org\/index.php?rest_route=%2Fwp%2Fv2%2Fcategories&post=1318"},{"taxonomy":"post_tag","embeddable":true,"href":"https:\/\/oice.org\/index.php?rest_route=%2Fwp%2Fv2%2Ftags&post=1318"}],"curies":[{"name":"wp","href":"https:\/\/api.w.org\/{rel}","templated":true}]}}