{"id":6,"date":"2016-09-30T05:23:45","date_gmt":"2016-09-30T05:23:45","guid":{"rendered":"https:\/\/oice.org\/?page_id=6"},"modified":"2020-07-16T14:19:30","modified_gmt":"2020-07-16T14:19:30","slug":"home","status":"publish","type":"page","link":"https:\/\/oice.org\/","title":{"rendered":"Inicio"},"content":{"rendered":"<h3 style=\"text-align: center;\">OICE cubre un completo rango de t\u00f3picos en la gerencia y administraci\u00f3n as\u00ed como en las relaciones interpersonales que incluyen seminarios en contabilidad, auditoria, finanzas, administraci\u00f3n gerencial y directiva, comunicaci\u00f3n, desarrollo humano, recursos humanos, sistemas y tecnolog\u00edas de informaci\u00f3n, liderazgo, compras, mercadotecnia, servicio, ventas, administraci\u00f3n de proyectos, procesos, manufactura, log\u00edstica, tr\u00e1fico, personal operativo y administrativo y mucho m\u00e1s, para todos los niveles organizacionales.<\/h3>\n<h2 style=\"text-align: center;\"><span style=\"color: #333333;\">Solicitud de informaci\u00f3n<\/span><\/h2>\n<h4 style=\"text-align: center;\">Contamos con el equipo humano y una red de contactos s\u00f3lida para atender los requerimientos de nuestros clientes a la mayor brevedad y satisfacci\u00f3n. Env\u00edanos tus requerimientos y nos contactaremos contigo en las pr\u00f3ximas 24 horas.<\/h4>\n","protected":false},"excerpt":{"rendered":"<p>OICE cubre un completo rango de t\u00f3picos en la gerencia y administraci\u00f3n as\u00ed como en las relaciones interpersonales que incluyen seminarios en contabilidad, auditoria, finanzas, administraci\u00f3n gerencial y directiva, comunicaci\u00f3n, desarrollo humano, recursos humanos, sistemas y tecnolog\u00edas de informaci\u00f3n, liderazgo, compras, mercadotecnia, servicio, ventas, administraci\u00f3n de proyectos, procesos, manufactura, log\u00edstica, tr\u00e1fico, personal operativo y administrativo&#8230;.<\/p>\n","protected":false},"author":1,"featured_media":0,"parent":0,"menu_order":0,"comment_status":"closed","ping_status":"closed","template":"","meta":{"footnotes":""},"categories":[],"tags":[],"class_list":["post-6","page","type-page","status-publish","hentry"],"_links":{"self":[{"href":"https:\/\/oice.org\/index.php?rest_route=\/wp\/v2\/pages\/6","targetHints":{"allow":["GET"]}}],"collection":[{"href":"https:\/\/oice.org\/index.php?rest_route=\/wp\/v2\/pages"}],"about":[{"href":"https:\/\/oice.org\/index.php?rest_route=\/wp\/v2\/types\/page"}],"author":[{"embeddable":true,"href":"https:\/\/oice.org\/index.php?rest_route=\/wp\/v2\/users\/1"}],"replies":[{"embeddable":true,"href":"https:\/\/oice.org\/index.php?rest_route=%2Fwp%2Fv2%2Fcomments&post=6"}],"version-history":[{"count":18,"href":"https:\/\/oice.org\/index.php?rest_route=\/wp\/v2\/pages\/6\/revisions"}],"predecessor-version":[{"id":1994,"href":"https:\/\/oice.org\/index.php?rest_route=\/wp\/v2\/pages\/6\/revisions\/1994"}],"wp:attachment":[{"href":"https:\/\/oice.org\/index.php?rest_route=%2Fwp%2Fv2%2Fmedia&parent=6"}],"wp:term":[{"taxonomy":"category","embeddable":true,"href":"https:\/\/oice.org\/index.php?rest_route=%2Fwp%2Fv2%2Fcategories&post=6"},{"taxonomy":"post_tag","embeddable":true,"href":"https:\/\/oice.org\/index.php?rest_route=%2Fwp%2Fv2%2Ftags&post=6"}],"curies":[{"name":"wp","href":"https:\/\/api.w.org\/{rel}","templated":true}]}}