{"id":891,"date":"2018-01-23T21:35:42","date_gmt":"2018-01-23T21:35:42","guid":{"rendered":"https:\/\/oice.org\/?page_id=891"},"modified":"2020-08-03T01:17:18","modified_gmt":"2020-08-03T01:17:18","slug":"capacitaciones-presenciales","status":"publish","type":"page","link":"https:\/\/oice.org\/?page_id=891","title":{"rendered":"Capacitaciones Presenciales"},"content":{"rendered":"<p><strong>\u00abCAPACITACIONES PRESENCIALES OICE\u00bb\u00a0<\/strong><\/p>\n<p style=\"text-align: center;\">La \u00abOrganizaci\u00f3n Interamericana de Ciencias Econ\u00f3micas OICE es una entidad profesional sin fines de lucro, que fue constitu\u00edda con el fin de proporcionar a los profesionales del campo econ\u00f3mico-financiero con responsabilidades de direcci\u00f3n, un cauce para facilitar su participaci\u00f3n activa mediante reuniones de trabajo sobre temas de actualidad de inter\u00e9s com\u00fan, y para el intercambio de experiencias que proporcione el desarrollo t\u00e9cnico y humano y la intercomunicaci\u00f3n nacional e internacional con profesionales de su misma especialidad.<\/p>\n<p><strong>GESTI\u00d3N EFECTIVA DE CR\u00c9DITO Y CARTERA<\/strong><\/p>\n<p>\u00abcapacitaciones-presenciales, gesti\u00f3n efectiva de cr\u00e9dito y cartera Al finalizar el programa el participante estar\u00e1 en capacidad de aprender, desarrollar y transformar, desde una dimensi\u00f3n esencialmente humana y profesional, procesos organizacionales aplicando t\u00e9cnicas adecuadas de cobranza<\/p>\n<p><strong>Capacitaciones Presenciales<\/strong><\/p>\n<ul>\n<li><strong>Gesti\u00f3n efectiva de cr\u00e9dito y cartera<\/strong><\/li>\n<\/ul>\n<p>\u00abFORO INTERNACIONAL DE ACTUALIZACI\u00d3N NIIF\u00bb<\/p>\n<ul>\n<li><strong>capacitaciones Presenciales Foro Internacional Actualizaci\u00f3n<\/strong><\/li>\n<\/ul>\n<p>Foro anual integral es <strong>esencial para ejecutivos y profesionales<\/strong> que supervisan la preparaci\u00f3n de informaci\u00f3n financiera preparada sobre la base de las Normas Internacionales de Informaci\u00f3n Financiera<\/p>\n<p><strong>\u00abTALLER PR\u00c1CTICO PARA ELABORAR EL ESTADO FINANCIERO DE APERTURA BAJO NIIF PARA LAS PYMES 2\u00aa VERSI\u00d3N\u00bb<\/strong><\/p>\n<p>Taller practico para-elaborar-el-estado-financiero-de-apertura-bajo niif para las PYMES 2da Versi\u00f3n<\/p>\n<p>Elaborar Estados Financieros PYMES<\/p>\n<p>lustrar con base en la \u201cGu\u00eda Pr\u00e1ctica para Elaborar el Estado de Situaci\u00f3n Financiera de Apertura bajo NIIF PYMES\u201d, desarrollada por la Superintendencia de Sociedades, cual es el proceso de elaboraci\u00f3n del Estado de Situaci\u00f3n de Apertura, exigido por la secci\u00f3n 35 (Transici\u00f3n hacia la NIIF para las PYMES) de la NIIF para las PYMES, con el prop\u00f3sito de definir los principios para los primeros estados financieros del ente preparados de acuerdo con este est\u00e1ndar, en relaci\u00f3n con la transici\u00f3n desde la normativa local aplicada por cada ente en particular.<\/p>\n\n\n<p><\/p>\n","protected":false},"excerpt":{"rendered":"<p>\u00abCAPACITACIONES PRESENCIALES OICE\u00bb\u00a0 La \u00abOrganizaci\u00f3n Interamericana de Ciencias Econ\u00f3micas OICE es una entidad profesional sin fines de lucro, que fue constitu\u00edda con el fin de proporcionar a los profesionales del campo econ\u00f3mico-financiero con responsabilidades de direcci\u00f3n, un cauce para facilitar su participaci\u00f3n activa mediante reuniones de trabajo sobre temas de actualidad de inter\u00e9s com\u00fan, y&#8230;.<\/p>\n","protected":false},"author":1,"featured_media":0,"parent":0,"menu_order":0,"comment_status":"closed","ping_status":"closed","template":"","meta":{"footnotes":""},"categories":[],"tags":[],"class_list":["post-891","page","type-page","status-publish","hentry"],"_links":{"self":[{"href":"https:\/\/oice.org\/index.php?rest_route=\/wp\/v2\/pages\/891","targetHints":{"allow":["GET"]}}],"collection":[{"href":"https:\/\/oice.org\/index.php?rest_route=\/wp\/v2\/pages"}],"about":[{"href":"https:\/\/oice.org\/index.php?rest_route=\/wp\/v2\/types\/page"}],"author":[{"embeddable":true,"href":"https:\/\/oice.org\/index.php?rest_route=\/wp\/v2\/users\/1"}],"replies":[{"embeddable":true,"href":"https:\/\/oice.org\/index.php?rest_route=%2Fwp%2Fv2%2Fcomments&post=891"}],"version-history":[{"count":5,"href":"https:\/\/oice.org\/index.php?rest_route=\/wp\/v2\/pages\/891\/revisions"}],"predecessor-version":[{"id":2010,"href":"https:\/\/oice.org\/index.php?rest_route=\/wp\/v2\/pages\/891\/revisions\/2010"}],"wp:attachment":[{"href":"https:\/\/oice.org\/index.php?rest_route=%2Fwp%2Fv2%2Fmedia&parent=891"}],"wp:term":[{"taxonomy":"category","embeddable":true,"href":"https:\/\/oice.org\/index.php?rest_route=%2Fwp%2Fv2%2Fcategories&post=891"},{"taxonomy":"post_tag","embeddable":true,"href":"https:\/\/oice.org\/index.php?rest_route=%2Fwp%2Fv2%2Ftags&post=891"}],"curies":[{"name":"wp","href":"https:\/\/api.w.org\/{rel}","templated":true}]}}